25446?
5
What is the units digit of 688?
8
What is the thousands digit of 7371?
7
What is the units digit of 31697?
7
What is the thousands digit of 1969?
1
What is the tens digit of 2332?
3
What is the units digit of 922?
2
What is the ten thousands digit of 19219?
1
What is the units digit of 6286?
6
What is the ten thousands digit of 46465?
4
What is the units digit of 1132?
2
What is the units digit of 14657?
7
What is the units digit of 253?
3
What is the hundreds digit of 4541?
5
What is the tens digit of 1603?
0
What is the units digit of 104?
4
What is the hundreds digit of 1034?
0
What is the hundreds digit of 2944?
9
What is the hundreds digit of 4545?
5
What is the units digit of 87892?
2
What is the units digit of 22?
2
What is the hundreds digit of 304?
3
What is the hundreds digit of 1193?
1
What is the thousands digit of 3315?
3
What is the tens digit of 8430?
3
What is the units digit of 2156?
6
What is the tens digit of 2037?
3
What is the thousands digit of 53407?
3
What is the hundreds digit of 17658?
6
What is the tens digit of 66389?
8
What is the tens digit of 45794?
9
What is the units digit of 59744?
4
What is the thousands digit of 6312?
6
What is the units digit of 9103?
3
What is the hundreds digit of 5025?
0
What is the thousands digit of 2923?
2
What is the thousands digit of 1047?
1
What is the units digit of 2?
2
What is the tens digit of 1162?
6
What is the thousands digit of 9081?
9
What is the thousands digit of 1404?
1
What is the ten thousands digit of 85414?
8
What is the tens digit of 161?
6
What is the hundreds digit of 21866?
8
What is the ten thousands digit of 24365?
2
What is the tens digit of 2660?
6
What is the thousands digit of 2727?
2
What is the tens digit of 115181?
8
What is the tens digit of 46536?
3
What is the hundreds digit of 17256?
2
What is the hundreds digit of 6565?
5
What is the hundreds digit of 24538?
5
What is the tens digit of 5853?
5
What is the tens digit of 11870?
7
What is the thousands digit of 12118?
2
What is the units digit of 15180?
0
What is the hundreds digit of 2382?
3
What is the tens digit of 6838?
3
What is the tens digit of 64077?
7
What is the hundreds digit of 1140?
1
What is the tens digit of 28757?
5
What is the tens digit of 9553?
5
What is the hundreds digit of 9220?
2
What is the thousands digit of 7503?
7
What is the thousands digit of 97832?
7
What is the tens digit of 92964?
6
What is the tens digit of 66679?
7
What is the units digit of 2224?
4
What is the units digit of 24956?
6
What is the hundreds digit of 1610?
6
What is the hundreds digit of 1031?
0
What is the units digit of 1259?
9
What is the hundreds digit of 70423?
4
What is the units digit of 173?
3
What is the thousands digit of 21704?
1
What is the tens digit of 59176?
7
What is the thousands digit of 1561?
1
What is the tens digit of 6584?
8
What is the tens digit of 3979?
7
What is the tens digit of 2843?
4
What is the thousands digit of 3715?
3
What is the tens digit of 1631?
3
What is the units digit of 706?
6
What is the tens digit of 783?
8
What is the tens digit of 11249?
4
What is the ten thousands digit of 32271?
3
What is the ten thousands digit of 93987?
9
What is the units digit of 288?
8
What is the ten thousands digit of 36411?
3
What is the thousands digit of 5562?
5
What is the thousands digit of 3247?
3
What is the hundreds digit of 23414?
4
What is the tens digit of 19634?
3
What is the tens digit of 1662?
6
What is the tens digit of 34545?
4
What is the units digit of 108652?
2
What is the units digit of 570?
0
What is the hundreds digit of 22198?
1
What is the tens digit of 1019?
1
What is the tens digit of 1285?
8
What is the thousands digit of 49563?
9
What is the ten thousands digit of 11131?
1
What is the units digit of 4989?
9
What is the hundreds digit of 2112?
1
What is the hundreds digit of 28404?
4
What is the thousands digit of 5931?
5
What is the hundreds digit of 1183?
1
What is the tens digit of 1473?
7
What is the hundreds digit of 3306?
3
What is the thousands digit of 1100?
1
What is the tens digit of 31801?
0
What is the units digit of 2044?
4
What is the units digit of 30096?
6
What is the tens digit of 129901?
0
What is the tens digit of 31131?
3
What is the hundreds digit of 983?
9
What is the units digit of 28283?
3
What is the thousands digit of 6592?
6
What is the tens digit of 1855?
5
What is the tens digit of 18038?
3
What is the tens digit of 1112?
1
What is the tens digit of 51495?
9
What is the hundreds digit of 514?
5
What is the tens digit of 4577?
7
What is the units digit of 10470?
0
What is the tens digit of 587?
8
What is the units digit of 118?
8
What is the thousands digit of 3678?
3
What is the hundreds digit of 3919?
9
What is the hundreds digit of 5095?
0
What is the tens digit of 70227?
2
What is the tens digit of 121758?
5
What is the thousands digit of 11761?
1
What is the hundreds digit of 338?
3
What is the hundreds digit of 120350?
3
What is the tens digit of 33788?
8
What is the hundreds digit of 3871?
8
What is the thousands digit of 57828?
7
What is the ten thousands digit of 22138?
2
What is the tens digit of 12991?
9
What is the units digit of 3245?
5
What is the ten thousands digit of 15129?
1
What is the units digit of 46?
6
What is the thousands digit of 42794?
2
What is the thousands digit of 6712?
6
What is the tens digit of 16984?
8
What is the hundreds digit of 4791?
7
What is the units digit of 2672?
2
What is the thousands digit of 81140?
1
What is the tens digit of 17386?
8
What is the tens digit of 62222?
2
What is the thousands digit of 8090?
8
What is the ten thousands digit of 62198?
6
What is the tens digit of 549?
4
What is the tens digit of 12568?
6
What is the units digit of 666?
6
What is the hundreds digit of 2750?
7
What is the ten thousands digit of 93102?
9
What is the hundreds digit of 10524?
5
What is the hundreds digit of 6328?
3
What is the thousands digit of 2018?
2
What is the units digit of 5444?
4
What is the units digit of 34560?
0
What is the hundreds digit of 3768?
7
What is the thousands digit of 74232?
4
What is the thousands digit of 1117?
1
What is the thousands digit of 54125?
4
What is the tens digit of 767?
6
What is the units digit of 393?
3
What is the tens digit of 20?
2
What is the hundreds digit of 18136?
1
What is the units digit of 560?
0
What is the units digit of 51817?
7
What is the thousands digit of 5270?
5
What is the tens digit of 149?
4
What is the units digit of 140974?
4
What is the tens digit of 846?
4
What is the tens digit of 1599?
9
What is the thousands digit of 1399?
1
What is the tens digit of 1198?
9
What is the hundreds digit of 4049?
0
What is the thousands digit of 129778?
9
What is the tens digit of 38?
3
What is the ten thousands digit of 107513?
0
What is the tens digit of 1304?
0
What is the thousands digit of 5821?
5
What is the tens digit of 12411?
1
What is the units digit of 8080?
0
What is the tens digit of 498?
9
What is the tens digit of 613?
1
What is the thousands digit of 54836?
4
What is the units digit of 6?
6
What is the tens digit of 1379?
7
What is the units digit of 4849?
9
What is the hundreds digit of 192?
1
What is the tens digit of 7247?
4
What is the hundreds digit of 20502?
5
What is the units digit of 686?
6
What is the hundreds digit of 45340?
3
What is the tens digit of 1675?
7
What is the hundreds digit of 3073?
0
What is the units digit of 4985?
5
What is the units digit of 46396?
6
What is the thousands digit of 1871?
1
What is the tens digit of 1155?
5
What is the units digit of 4705?
5
What is the thousands digit of 1459?
1
What is the tens digit of 18996?
9
What is the hundreds digit of 1013?
0
What is the hundred thousands digit of 154926?
1
What is the tens digit of 5538?
3
What is the units digit of 17001?
1
What is the hundreds digit of 4040?
0
What is the hundreds digit of 7197?
1
What is the units digit of 6822?
2
What is the tens digit of 1040?
4
What is the tens digit of 775?
7
What is the hundreds digit of 31464?
4
What is the tens digit of 1341?
4
What is the units digit of 4725?
5
What is the hundreds digit of 3377?
3
What is the hundreds digit of 183?
1
What is the hundreds digit of 1791?
7
What is the 